
5
What is the remainder when 148776 is divided by 21249?
33
Calculate the remainder when 10933 is divided by 837.
52
Calculate the remainder when 4391 is divided by 76.
59
Calculate the remainder when 15306 is divided by 3043.
91
What is the remainder when 2447 is divided by 32?
15
Calculate the remainder when 85056 is divided by 28349.
9
Calculate the remainder when 31449 is divided by 45.
39
What is the remainder when 7268 is divided by 2320?
308
What is the remainder when 22541 is divided by 471?
404
What is the remainder when 2062 is divided by 57?
10
What is the remainder when 2491805 is divided by 17?
13
Calculate the remainder when 20107 is divided by 7.
3
What is the remainder when 16244 is divided by 74?
38
What is the remainder when 7254 is divided by 7249?
5
What is the remainder when 1996 is divided by 116?
24
What is the remainder when 213675 is divided by 30524?
7
Calculate the remainder when 908 is divided by 40.
28
What is the remainder when 778050 is divided by 630?
0
Calculate the remainder when 186 is divided by 16.
10
What is the remainder when 22809 is divided by 65?
59
What is the remainder when 13798 is divided by 119?
113
What is the remainder when 38396 is divided by 6?
2
What is the remainder when 6512 is divided by 3246?
20
Calculate the remainder when 2957 is divided by 245.
17
What is the remainder when 6100 is divided by 29?
10
What is the remainder when 17664 is divided by 3514?
94
What is the remainder when 363071 is divided by 61?
60
Calculate the remainder when 4595 is divided by 1056.
371
Calculate the remainder when 255157 is divided by 31.
27
Calculate the remainder when 1452 is divided by 1371.
81
What is the remainder when 684123 is divided by 31096?
11
What is the remainder when 60981 is divided by 404?
381
Calculate the remainder when 38096 is divided by 334.
20
What is the remainder when 2234 is divided by 465?
374
Calculate the remainder when 43485 is divided by 489.
453
What is the remainder when 16610 is divided by 25?
10
What is the remainder when 32261 is divided by 8?
5
What is the remainder when 32417 is divided by 16?
1
What is the remainder when 5796 is divided by 510?
186
What is the remainder when 209 is divided by 187?
22
What is the remainder when 58603 is divided by 14?
13
What is the remainder when 59616 is divided by 15?
6
Calculate the remainder when 1539 is divided by 11.
10
What is the remainder when 13866 is divided by 13860?
6
What is the remainder when 8908 is divided by 758?
570
Calculate the remainder when 11477 is divided by 280.
277
What is the remainder when 409129 is divided by 27?
25
Calculate the remainder when 51577 is divided by 41.
40
Calculate the remainder when 77394 is divided by 2978.
2944
Calculate the remainder when 34279 is divided by 16928.
423
Calculate the remainder when 129370 is divided by 345.
340
Calculate the remainder when 45227 is divided by 6445.
112
What is the remainder when 546732 is divided by 287?
284
Calculate the remainder when 17666 is divided by 53.
17
Calculate the remainder when 89577 is divided by 3199.
5
Calculate the remainder when 335757 is divided by 28.
9
Calculate the remainder when 2213 is divided by 593.
434
Calculate the remainder when 5134 is divided by 343.
332
What is the remainder when 55991 is divided by 9319?
77
Calculate the remainder when 4701869 is divided by 25.
19
Calculate the remainder when 12464 is divided by 60.
44
What is the remainder when 22120 is divided by 3331?
2134
What is the remainder when 8827 is divided by 47?
38
Calculate the remainder when 1420 is divided by 288.
268
What is the remainder when 10801 is divided by 13?
11
What is the remainder when 17893 is divided by 884?
213
What is the remainder when 92483 is divided by 180?
143
What is the remainder when 175 is divided by 80?
15
Calculate the remainder when 4732 is divided by 1108.
300
What is the remainder when 40077 is divided by 20?
17
What is the remainder when 6589 is divided by 315?
289
Calculate the remainder when 240570 is divided by 3.
0
Calculate the remainder when 3819 is divided by 402.
201
What is the remainder when 3674 is divided by 157?
63
What is the remainder when 94375 is divided by 137?
119
What is the remainder when 4116 is divided by 374?
2
What is the remainder when 40023 is divided by 42?
39
What is the remainder when 91705 is divided by 18333?
40
What is the remainder when 9939 is divided by 287?
181
What is the remainder when 55551 is divided by 41?
37
Calculate the remainder when 66212 is divided by 31.
27
Calculate the remainder when 14090 is divided by 716.
486
Calculate the remainder when 3256 is divided by 465.
1
What is the remainder when 5937 is divided by 106?
1
What is the remainder when 21343 is divided by 1412?
163
What is the remainder when 8340 is divided by 321?
315
What is the remainder when 6752 is divided by 559?
44
What is the remainder when 42012 is divided by 186?
162
What is the remainder when 567 is divided by 282?
3
What is the remainder when 4888 is divided by 223?
205
What is the remainder when 661061 is divided by 302?
285
What is the remainder when 272682 is divided by 27?
9
What is the remainder when 393 is divided by 2?
1
Calculate the remainder when 374378 is divided by 187184.
10
What is the remainder when 5103 is divided by 45?
18
Calculate the remainder when 357 is divided by 112.
21
Calculate the remainder when 253441 is divided by 6.
1
What is the remainder when 8662298 is divided by 2060?
2058
What is the remainder when 512 is divided by 27?
26
What is the remainder when 917081 is divided by 1258?
1257
Calculate the remainder when 200521 is divided by 66823.
52
Calculate the remainder when 45610 is divided by 181.
179
What is the remainder when 6041 is divided by 443?
282
Calculate the remainder when 396336 is divided by 2477.
16
Calculate the remainder when 7778 is divided by 118.
108
What is the remainder when 1040 is divided by 364?
312
What is the remainder when 22715 is divided by 45?
35
Calculate the remainder when 408473 is divided by 1253.
1248
What is the remainder when 5786 is divided by 765?
431
Calculate the remainder when 2911 is divided by 83.
6
What is the remainder when 1289 is divided by 905?
384
Calculate the remainder when 9400 is divided by 624.
40
What is the remainder when 22923 is divided by 191?
3
What is the remainder when 6240894 is divided by 39?
36
Calculate the remainder when 298 is divided by 87.
37
Calculate the remainder when 134928 is divided by 1467.
1431
What is the remainder when 136112 is divided by 125?
112
Calculate the remainder when 5660 is divided by 2823.
14
What is the remainder when 519460 is divided by 24?
4
What is the remainder when 528 is divided by 74?
10
Calculate the remainder when 11131 is divided by 336.
43
What is the remainder when 76152 is divided by 42?
6
What is the remainder when 3663 is divided by 155?
98
Calculate the remainder when 18796 is divided by 39.
37
Calculate the remainder when 191016 is divided by 20.
16
What is the remainder when 7449 is divided by 206?
33
Calculate the remainder when 1914702 is divided by 195.
192
What is the remainder when 50815 is divided by 162?
109
What is the remainder when 5049 is divided by 210?
9
What is the remainder when 45924 is divided by 574?
4
What is the remainder when 7928 is divided by 485?
168
Calculate the remainder when 825 is divided by 24.
9
Calculate the remainder when 33928 is divided by 358.
276
What is the remainder when 4589 is divided by 144?
125
Calculate the remainder when 5181 is divided by 475.
431
What is the remainder when 21532 is divided by 312?
4
What is the remainder when 2246 is divided by 563?
557
What is the remainder when 117242 is divided by 39077?
11
What is the remainder when 4913 is divided by 1220?
33
Calculate the remainder when 1771106 is divided by 110.
106
Calculate the remainder when 6918 is divided by 570.
78
What is the remainder when 3065532 is divided by 15?
12
What is the remainder when 453116 is divided by 8?
4
What is the remainder when 1326076 is divided by 651?
640
Calculate the remainder when 643028 is divided by 216.
212
What is the remainder when 428 is divided by 158?
112
What is the remainder when 1069 is divided by 23?
11
What is